/((-60)/(-918)) + -12 + 20 + -7. Let u(a) = -6*a + 2. Let w be u(-2). What is the highest common divisor of w and j?
14
Let b(y) = y**3 - 9*y**2 - y - 3. Let l be b(10). Let i be (4*12/160)/((-8)/(-80)). Calculate the greatest common divisor of i and l.
3
Let a = -8752 - -12048. Calculate the highest common divisor of a and 160.
32
Suppose 3*b - 2*m - 26 = 0, 4*m - 37 = 3*b - 65. What is the greatest common factor of 60 and b?
4
Suppose 11*l = 3*l + 16. Suppose 2*v = -l*v - 16, -2*f = 3*v + 8. Suppose -f*u - u = -12. Calculate the highest common divisor of 16 and u.
4
Let y(u) = 2*u + 2*u - 6 - 6*u. Let j be y(-5). Let m(o) = -734*o**2 + 2222*o - 8. Let s be m(3). Calculate the greatest common factor of j and s.
4
Suppose -17*b + 36 = -21*b + 2*c, -2*c + 43 = -5*b. Let f(j) = -j**3 - 3*j**2 + 14*j - 10. Let d be f(b). What is the greatest common divisor of d and 8?
8
Suppose -3*r = -4*y - 554, -2*r + 270 = -2*y + 3*r. Let z = y - -70. Let c = 73 - z. What is the highest common factor of 11 and c?
11
Suppose 5*v - 290 = -3*x - 1304, -4*v + 4*x - 792 = 0. Let z = -135 - v. Calculate the highest common divisor of z and 33.
33
Let l(k) = -47*k**3 + 2*k**2 + k. Suppose -11*p = 17 - 6. Let u be l(p). Suppose u = z + m, 2*z - 6*m = -m + 110. What is the highest common divisor of 5 and z?
5
Let v(q) = 3*q - 2. Let u be (85/4)/5 - 4/16. Let a be -1*u + (-161)/(-7). Let p be v(a). Calculate the greatest common divisor of p and 11.
11
Suppose -6867 = -3*u + 3*s, 5*u - 2287 = 4*u - s. Calculate the highest common factor of u and 176.
176
Suppose 0 = 2*j - 3*n + 745, j + 28 + 358 = -3*n. Let z = 517 + j. Calculate the highest common divisor of 28 and z.
28
Let s(j) = -177*j - 14. Let a be s(-4). Suppose g - 1 = 0, 3*r = 3*g - 4*g + a. Calculate the highest common factor of r and 33.
33
Let w = 588 + -328. Suppose -9*f + 1378 + w = 0. Calculate the greatest common factor of 14 and f.
14
Suppose -3*f - 2015 = -2153. Suppose 2*z - 80 = f. Calculate the greatest common factor of 84 and z.
21
Suppose 0 = 3*n - 15, l = -10*n + 9*n + 42. Calculate the highest common divisor of 999 and l.
37
Suppose -5*q + b = -74, 5*q - 86 + 13 = 2*b. Suppose -557 = -41*s + 468. Calculate the greatest common factor of s and q.
5
Suppose -2*p - 5*u = 392, p - u + 196 = -6*u. Let j = -79 - p. Suppose 0 = -4*s + 103 + 209. Calculate the highest common divisor of s and j.
39
Let p be (-471516692)/(-9690) - 4/30. What is the greatest common factor of p and 60?
60
Let q = -384 + 436. Let d = 317 - -21. Calculate the greatest common divisor of d and q.
26
Suppose 39*b + 65*b - 20603 = -3963. What is the highest common divisor of 736 and b?
32
Let k(p) = 53*p**2 - p + 1. Suppose 5 - 1 = -4*n. Let o be k(n). What is the highest common divisor of o and 77?
11
Suppose -65 = 5*m + 3*s - 105, 0 = -2*m + 3*s + 16. What is the highest common divisor of m and 20?
4
Let n = -692241 + 692535. Suppose -5*p - 9 = -69. What is the greatest common factor of n and p?
6
Suppose -2484 = 609*g - 636*g. What is the highest common divisor of g and 5336?
92
Suppose m - 4*m = -102. Let u be (-2 - 0)/((-27)/(-378)). Let c be ((-102)/(-10))/((u/20)/(-7)). Calculate the greatest common factor of m and c.
17
Let x be -2 - ((0 - 788) + -2). Let b = -731 - -175. Let l = x + b. What is the greatest common factor of l and 29?
29
Let y(w) = 4003*w - 35957. Let u be y(9). Suppose 2*v - 88 + 4 = 0. What is the highest common divisor of v and u?
14
Let f(i) = i**2 + 11*i - 41. Let q be f(-14). Let z be 162/4*q*(-8)/(-3). Let l = -33 + 45. What is the highest common factor of l and z?
12
Suppose 3*o - 9018 = -6*o. Let c = -974 + o. What is the greatest common divisor of 1064 and c?
28
Let h(n) = n**3 - 6*n**2 + 17*n - 16. Let z(t) = -t**2 + 1. Let a(u) = -h(u) - 4*z(u). Let v be a(6). Calculate the greatest common divisor of v and 12.
6
Suppose -128*v + 125*v + 196 = o, 52 = v - 3*o. What is the greatest common divisor of v and 32192?
64
Suppose -t = -0*j - j + 151, -5*t = 2*j - 330. Let l be 1/(-4) + 2*j/(-8). Let f be (-20)/(-130) - 2100/l. Calculate the greatest common divisor of f and 72.
18
Let y(q) = -38*q**3 + 137*q**2 + 949*q - 21. Let p be y(-7). What is the greatest common factor of 735 and p?
147
Let x be ((-285)/(-10))/(((-4)/6)/((-20)/45)). Let d be 226/6 - (-3)/9. What is the greatest common factor of d and x?
19
Suppose 0*v - 7*v + 812 = 0. Suppose k = -62 + v. Calculate the greatest common divisor of k and 6.
6
Let z(w) = 85*w + 3213. Let j be z(-33). What is the greatest common factor of 888 and j?
24
Let j = 2091 + -1939. What is the highest common factor of j and 184?
8
Let b be 528/(-99)*-1*3/1. Let m = 91 - 3. What is the greatest common divisor of m and b?
8
Suppose 0 = -4*b - 335*g + 333*g + 48, 4*g = 0. Calculate the highest common divisor of 10236 and b.
12
Let q be -4*(-3)/30 + 34/(-10). Let o(u) = -4*u**3 + 3*u**2 + u - 4. Let g be o(q). Calculate the highest common divisor of 224 and g.
32
Let q(d) = d**3 + 18*d**2 + 2*d + 36. Let z be q(-18). Suppose z = 5*h + 7*g - 10*g - 900, h - 188 = -g. Calculate the greatest common factor of 244 and h.
61
Let h be (-36)/((-423)/468 - 6/(-39)). Calculate the highest common divisor of 696 and h.
24
Let a(x) = -x**2 + 7*x. Let k be a(7). Suppose 2*j + 14 - 96 = k. Calculate the greatest common divisor of 205 and j.
41
Let f = 31 - 18. Let t(d) = d**3 - 11*d**2 - 28*d + 20. Let m be t(f). Let g be (-40 + (3 - 2))/(2/m). What is the greatest common divisor of g and 13?
13
Suppose 12*b + 24 = 24*b. Suppose -3*u + 7*s = -527, 2*u - 3*s = -b*u + 690. What is the highest common divisor of u and 95?
19
Let s be 45/(-4)*32*(-1)/(-6). Let y = 45 + s. Let g = 9 - y. Calculate the greatest common factor of 8 and g.
8
Suppose s - 84 + 282 = 0. Let q be 36/s - (-794)/11. Calculate the highest common factor of q and 18.
18
Let o(h) = -h**2 + 38. Let u be o(0). Let p = -32921 + 33263. Calculate the highest common divisor of u and p.
38
Let q(t) = t**2 + 16*t + 71. Let w be q(-10). Let p = -15 - -17. Suppose -2*i = p*i - 132. Calculate the greatest common divisor of i and w.
11
Let i = 33 + -18. Let c be 15 - 0 - (2 + 2 + 0). Suppose c*z - 2 = 64. Calculate the greatest common divisor of z and i.
3
Let g be 1 + 42 - (-1186 + 1101). Let k(c) = -c + 6. Let a be k(4). Calculate the greatest common divisor of g and a.
2
Suppose -84*x + 83*x + 27 = 2*n, 0 = -2*x + 2*n + 72. Let k(s) = 10*s**2 - 2*s - 9. Let w be k(-6). What is the greatest common factor of w and x?
33
Suppose 0 = 8*d + 80 + 208. Let f = d - -46. Calculate the highest common divisor of f and 20.
10
Suppose -187*o + 209*o = 836. Let s = -121 - -396. Let r = s - 180. Calculate the greatest common divisor of o and r.
19
Let u be ((-5)/(-4))/((-15)/(-5280)*22). Calculate the highest common factor of 1810 and u.
10
Let z be (-4)/(-6) + -3*(-10938)/27. Calculate the highest common factor of 494 and z.
38
Let s be 19/7 - 2/(-7). Let a = 1 - 1. Suppose a = -s*p + 15 + 3. Calculate the highest common factor of 4 and p.
2
Let m = -422 + 296. Let j = -54 - m. Suppose 72 = 928*v - 919*v. What is the greatest common divisor of v and j?
8
Let i(t) = -t**3 - 74*t**2 - 412*t - 246. Let q be i(-68). What is the greatest common factor of q and 302?
2
Let u be (460/40 - 14)*-6. What is the greatest common divisor of u and 3810?
15
Suppose -4*s = -3*u + 95, 4*u - 7*s - 128 = -3*s. Let c = 488 + -323. Calculate the highest common factor of c and u.
33
Let k be 4/(-12) - (-19)/3. Let l = -2 + k. Suppose 2*g - 42 = 2*z, 5*g + 5*z = 9*g - 89. What is the highest common factor of g and l?
4
Let a(m) = -5*m + 5. Let l be a(-9). Suppose 84*r = 79*r - l. Let p = r + 76. What is the greatest common divisor of 22 and p?
22
Suppose 27*a + 104 = 29*a. Suppose w = 3*x - 352, -x + a + 72 = w. Calculate the highest common factor of 34 and x.
17
Suppose -21*i + 61 = -23. Suppose 0 = -n - 2*p + 16, -n = -i*n - 5*p + 52. What is the highest common factor of n and 264?
24
Let t = -21245 + 24131. Calculate the greatest common factor of t and 936.
78
Let m = -1352 + 1400. Let h be (-10)/(-30) + (107/3 - 0). Calculate the greatest common factor of h and m.
12
Let o be 37758/232 - (-5 - 92/(-16)). Calculate the greatest common divisor of 1332 and o.